m - 7 - 39*m. Suppose -h + 3*h + 15 = 5*t, 3*h - 35 = -4*t. Let a be b(t). What is the highest common divisor of a and 9?
9
Let y be -12*(9/(-6) + -2). Let l = 1136 + -1073. Calculate the highest common factor of y and l.
21
Suppose 13 = b - 16. Suppose b*j - 45 = 24*j. What is the highest common factor of 9 and j?
9
Suppose 2*g + 2*g = -4*j + 80, 5*g - 82 = 4*j. Calculate the highest common divisor of 126 and g.
18
Let b = 95 + -93. Let j be (-688)/(-38) + b/(-19). Calculate the highest common factor of j and 45.
9
Suppose 4*h + 6 = -2*w, -8*w - 4*h - 26 = -10*w. What is the highest common factor of 145 and w?
5
Let d(r) = r**2 - 7*r - 42. Let t be d(-15). What is the highest common divisor of t and 180?
36
Let t be 312/18 - 4/12. Let m(a) = 15*a + 14. Let l be m(7). What is the greatest common factor of l and t?
17
Suppose -2*w = 6 - 46. Let d be (-12)/(-9)*(-27)/6*-5. What is the highest common factor of d and w?
10
Let w = 4 + 18. Let x be ((-3)/5)/(11/(-55)). Suppose 3*l + 163 = 8*l + 2*k, 97 = x*l + 2*k. Calculate the greatest common factor of l and w.
11
Let q(k) = 47*k + 7. Let l be q(-5). Let g be (3/(-6))/(6/l). Let c = 22 - g. Calculate the highest common divisor of 27 and c.
3
Let z(p) = 4*p - 3*p + 13 - 31. Let o be z(12). Let a be 1*39*o/(-18). What is the highest common divisor of 52 and a?
13
Let y be 12/(-30)*(-5426 + 5/5). Calculate the greatest common divisor of 70 and y.
70
Let v(o) = 2*o**3 - 8*o**2 + 3*o + 7. Let m be v(5). Let n = -11 - -20. Calculate the greatest common divisor of m and n.
9
Suppose -4*g = 5*a + 337, 1 = 2*a - 5. Let l be (g/(-4))/((-21)/(-6) - 3). What is the highest common divisor of 4 and l?
4
Suppose 4*j - 9*j - 75 = 0. Let k be (1/(-10) + j/(-25))*6. Calculate the greatest common factor of k and 27.
3
Suppose -o + 125 = 2*l, 4*o + 67 = 2*l - l. Calculate the greatest common factor of l and 105.
21
Let u = 72 + -60. Let a(k) = 9*k**2 - 2*k + 1. Let v be -4*(-2)/4 + -1. Let x be a(v). What is the greatest common factor of x and u?
4
Let k be (-85)/(-765) + (-25036)/(-18). Calculate the highest common factor of k and 13.
13
Suppose -6*o + 4*o = -4*u + 32, 52 = -2*o - u. Let m be (1/6)/(6/o)*-6. Let g be 116/10 - (-2)/5. Calculate the highest common factor of g and m.
4
Let b = -78 - -45. Let m be ((-6)/9)/((-6)/423). Let o = b + m. Calculate the highest common factor of 154 and o.
14
Let m(j) = 3*j**2 + j. Let c be m(1). Let i = 1 + c. Let b = 49 + -29. What is the greatest common divisor of b and i?
5
Let r be 17 - -3*(-2)/3. Suppose -d = 2 + 10. Let z = d - -15. What is the greatest common divisor of z and r?
3
Let f be 62 - (2/1 - 0). Let l be (0 - -1)/(-16 - 10897/(-680)). What is the greatest common divisor of l and f?
20
Let t(q) = 13*q + 3. Let l be t(4). Suppose 100 = -41*h + 42*h. Let j be 40/h + (116/10 - 1). What is the highest common divisor of j and l?
11
Let u = -36 + 26. Let s be (u/8)/((-3)/204). Let q(f) = 34*f. Let r be q(1). Calculate the highest common factor of r and s.
17
Suppose -4 = 4*x - 20. Let d(p) = p**3 - 5*p**2 + 6*p - 10. Suppose c + 16 = 21. Let j be d(c). Calculate the greatest common factor of j and x.
4
Let n(y) = -y - 6. Let c be n(6). Suppose 3*x + 1 + 8 = 0. Let d be x/c - 501/(-12). What is the greatest common factor of 14 and d?
14
Let v(u) = -8*u**2 - 2*u - 2. Suppose -a - 4*f = -15, -2*a + 2 - 8 = -f. Let m be v(a). Let k be m/32 + 9/4. Calculate the highest common divisor of 22 and k.
2
Let b = 31 - 60. Let k = b + 39. What is the greatest common factor of 110 and k?
10
Let w = -731 + 1508. What is the greatest common factor of w and 111?
111
Suppose 0*s = s - 9. Suppose 0 = -0*x + x - 2*q - 15, -q + s = x. What is the greatest common divisor of 121 and x?
11
Suppose 40 = 2*j + 4*x, -2*j + 28 + 7 = 3*x. Suppose -3*k = -k + 2*v - 52, 0 = -3*k - 5*v + 70. What is the highest common factor of k and j?
10
Suppose 165 = 81*q - 76*q. Let s = 45 - q. Calculate the highest common factor of s and 84.
12
Suppose 3*k = 16*k - 104. What is the greatest common factor of k and 88?
8
Suppose 5*z + 4*m = 16288, z - 2*m - 3445 + 193 = 0. Calculate the highest common divisor of z and 44.
44
Let i be ((-6)/(-4))/((-6)/(-128)). Let v = 85 + -133. Let f be ((-25)/(-15) + -2)*v. What is the greatest common divisor of f and i?
16
Let i be 16/10*30/12. Suppose i + 0 = -2*y - 2*q, 5*q = -20. Suppose -g - g = 6, -c = y*g - 9. What is the greatest common factor of c and 10?
5
Let u(c) = c**2 - 2*c + 7. Let i be u(8). Suppose 0 = x - 2*t + 122, 2*x + 210 = 3*t - 31. Let a = x + 138. Calculate the greatest common factor of a and i.
11
Let d = 58 - 39. Suppose -d - 1 = -2*b. Let u(x) = 6*x - 4. Let q be u(b). Calculate the highest common divisor of 8 and q.
8
Let p = 1587 + -936. Let k = p + -336. What is the greatest common divisor of 45 and k?
45
Let z(u) be the third derivative of -11*u**4/12 - 5*u**3/2 + 33*u**2. Let q be z(-5). Calculate the greatest common factor of q and 19.
19
Let f = 15 + -10. Let a(t) = -t**3 + 4*t**2 - 2*t + 5. Let u be a(4). Let o = u - -5. What is the highest common factor of o and f?
1
Let k = 9 - 51. Let z be (k/28)/(2/(-4)). Calculate the greatest common divisor of z and 30.
3
Let o(p) be the third derivative of -13*p**6/15 - 3*p**2. Let l = 135 + -136. Let y be o(l). What is the highest common divisor of y and 13?
13
Suppose -3*v = -2*l - 7, 3*v + 0*v + 2*l = 11. Suppose v*g = 4*o - 12, 0 = -4*o - o - g + 15. What is the highest common divisor of o and 2?
1
Let c = 4 - 7. Let i(l) = -2*l**3 - 2*l**2 + 5*l + 3. Let n be i(c). What is the greatest common factor of n and 120?
24
Suppose 2*j + 44 = 3*j. Suppose 3*x + 5*s = -9, s = -3*x + 4*x - 5. Suppose -2*w + g = -7 + x, -3*g = -9. Calculate the greatest common factor of j and w.
4
Let j(u) = -8*u - 1. Let l be j(5). Let x = -50 + 139. Let v = l + x. Calculate the greatest common divisor of 6 and v.
6
Suppose 2*c + 3*v = -1 - 9, -3*c + 4*v = 15. Let i = 8 + c. Suppose -m + 5*x + 5 = 0, 5*x - 12 = -5*m + 73. What is the greatest common divisor of i and m?
3
Let m(u) = 0*u**3 + u**3 + 5*u + 8*u + 9*u**2 - 5*u + 11. Let i be m(-8). What is the greatest common divisor of 99 and i?
11
Let a be 2608/52 - 30/195. What is the highest common factor of 10 and a?
10
Let s be (-277)/(-4) - 2/8. Suppose s = 15*q - 14*q. Calculate the highest common divisor of q and 23.
23
Let c be (-120)/(4/(16/(-3))). Let d = -420 + 620. Let g be (10/25)/(4/d). What is the highest common divisor of c and g?
20
Suppose -5*r + 2*f + 585 + 229 = 0, f = -2. Suppose 8*i - r = 5*i. What is the highest common factor of i and 81?
27
Suppose -4*f + 115 = 43. Suppose -3*z = -2*z - f. What is the highest common divisor of 90 and z?
18
Let r be 39*((-10)/(-9) + 42/189). What is the greatest common divisor of r and 13?
13
Suppose 0 = 4*z + 7 + 17. Let h be z/(-27) - -502*1/9. Calculate the greatest common factor of 8 and h.
8
Let x(k) = 6*k - 7. Let j be x(-9). Let n be 932/5 - (-12)/20. Let i = n + j. Calculate the highest common factor of i and 18.
18
Suppose -4 = -4*a + 4, -3*a + 6 = -4*x. Suppose q + 4 - 6 = x. Suppose -3*s = -2*s + j - 201, -q*s + 4*j = -372. What is the greatest common factor of 28 and s?
28
Let r be (2 + 0 - 4) + 338. Suppose 107 + 733 = 20*j. What is the greatest common divisor of j and r?
42
Let q(o) = -o**3 + o**2 - o + 150. Let t(s) = s**3 - 26*s**2 + 24*s + 25. Let d be t(25). Let z be q(d). What is the greatest common divisor of z and 60?
30
Let g = -71 + 1667. Calculate the highest common divisor of 28 and g.
28
Let u(y) = -y**2 - 18*y - 11. Let g be (10 + 2 + -6)*(-16)/6. Let w be u(g). What is the highest common divisor of 3 and w?
3
Suppose 0 = -2*i + h + 851, -4*i + 0*h + 1701 = -h. Calculate the highest common factor of i and 170.
85
Let u = 158 + -94. Calculate the greatest common factor of 80 and u.
16
Let v(a) = a + 4. Let b be v(5). Let l be (78/b)/(1/3). Let k = l + -13. What is the highest common factor of 39 and k?
13
Let f be 30/8 + (-2)/(-8). Suppose 4*v - 3*c = 19, 49*c = 2*v + 50*c - 17. Suppose -v*l + f*l = -3. What is the greatest common divisor of l and 11?
1
Let g(c) = c**2 - 10*c + 5. Let r be g(13). Calculate the greatest common factor of 4 and r.
4
Suppose 3*v = -v + 2*c + 70, -89 = -5*v + 